at is the hundreds digit of 317169?
1
What is the tens digit of 1101851?
5
What is the units digit of 86806?
6
What is the hundred thousands digit of 2877070?
8
What is the ten thousands digit of 326440?
2
What is the hundreds digit of 656780?
7
What is the tens digit of 24241005?
0
What is the hundred thousands digit of 268650?
2
What is the hundreds digit of 578009?
0
What is the tens digit of 21015?
1
What is the hundreds digit of 8406682?
6
What is the thousands digit of 41390?
1
What is the hundreds digit of 282510?
5
What is the hundreds digit of 913973?
9
What is the ten thousands digit of 763514?
6
What is the hundreds digit of 80870?
8
What is the hundreds digit of 554176?
1
What is the hundreds digit of 660352?
3
What is the ten thousands digit of 5292842?
9
What is the units digit of 177465?
5
What is the units digit of 193843?
3
What is the hundred thousands digit of 1417704?
4
What is the hundred thousands digit of 871797?
8
What is the tens digit of 1281951?
5
What is the thousands digit of 415295?
5
What is the hundred thousands digit of 1406661?
4
What is the tens digit of 216695?
9
What is the hundreds digit of 5159560?
5
What is the ten thousands digit of 177832?
7
What is the tens digit of 181808?
0
What is the hundred thousands digit of 2747776?
7
What is the hundred thousands digit of 3399797?
3
What is the hundred thousands digit of 889270?
8
What is the hundreds digit of 932154?
1
What is the tens digit of 1652150?
5
What is the hundreds digit of 5217588?
5
What is the hundred thousands digit of 20083301?
0
What is the thousands digit of 313107?
3
What is the units digit of 7132638?
8
What is the ten thousands digit of 466212?
6
What is the hundred thousands digit of 857945?
8
What is the units digit of 12061805?
5
What is the thousands digit of 2587359?
7
What is the millions digit of 1124605?
1
What is the hundred thousands digit of 120362?
1
What is the millions digit of 5403384?
5
What is the units digit of 3316101?
1
What is the thousands digit of 7692996?
2
What is the thousands digit of 87899?
7
What is the units digit of 471217?
7
What is the hundred thousands digit of 133345?
1
What is the millions digit of 26854777?
6
What is the ten thousands digit of 186990?
8
What is the ten thousands digit of 271608?
7
What is the ten thousands digit of 720110?
2
What is the tens digit of 538837?
3
What is the hundred thousands digit of 190639?
1
What is the ten millions digit of 11122791?
1
What is the ten thousands digit of 344267?
4
What is the units digit of 1655430?
0
What is the ten millions digit of 19144648?
1
What is the units digit of 230467?
7
What is the ten thousands digit of 1577623?
7
What is the millions digit of 2969284?
2
What is the ten thousands digit of 237402?
3
What is the thousands digit of 2073149?
3
What is the units digit of 739066?
6
What is the tens digit of 195456?
5
What is the hundreds digit of 2920685?
6
What is the ten thousands digit of 202908?
0
What is the hundred thousands digit of 303740?
3
What is the hundred thousands digit of 4852009?
8
What is the units digit of 1131635?
5
What is the millions digit of 2884828?
2
What is the hundred thousands digit of 1215379?
2
What is the hundreds digit of 147827?
8
What is the hundreds digit of 678238?
2
What is the ten thousands digit of 739434?
3
What is the units digit of 464922?
2
What is the hundreds digit of 262459?
4
What is the hundreds digit of 1206506?
5
What is the tens digit of 207967?
6
What is the thousands digit of 147978?
7
What is the tens digit of 1016665?
6
What is the units digit of 9836012?
2
What is the units digit of 147780?
0
What is the ten thousands digit of 233553?
3
What is the hundreds digit of 101860?
8
What is the hundred thousands digit of 2448682?
4
What is the units digit of 270688?
8
What is the millions digit of 5297284?
5
What is the ten thousands digit of 13854434?
5
What is the hundred thousands digit of 30379141?
3
What is the ten thousands digit of 111672?
1
What is the tens digit of 10448312?
1
What is the tens digit of 64303?
0
What is the ten thousands digit of 109784?
0
What is the ten thousands digit of 4345245?
4
What is the tens digit of 216477?
7
What is the hundreds digit of 242222?
2
What is the hundred thousands digit of 347125?
3
What is the tens digit of 5235349?
4
What is the hundreds digit of 7504443?
4
What is the hundred thousands digit of 157490?
1
What is the hundred thousands digit of 384485?
3
What is the tens digit of 17897688?
8
What is the hundreds digit of 8298722?
7
What is the hundred thousands digit of 10449331?
4
What is the ten thousands digit of 1155503?
5
What is the hundreds digit of 528831?
8
What is the ten thousands digit of 13282074?
8
What is the hundred thousands digit of 587673?
5
What is the hundreds digit of 17328575?
5
What is the millions digit of 5905180?
5
What is the tens digit of 1052764?
6
What is the hundred thousands digit of 1958593?
9
What is the hundreds digit of 180402?
4
What is the millions digit of 35502154?
5
What is the hundred thousands digit of 888376?
8
What is the ten thousands digit of 415311?
1
What is the thousands digit of 412211?
2
What is the millions digit of 5804287?
5
What is the ten thousands digit of 268973?
6
What is the hundreds digit of 1468546?
5
What is the units digit of 360716?
6
What is the tens digit of 84445?
4
What is the hundreds digit of 2331776?
7
What is the tens digit of 6133879?
7
What is the hundreds digit of 713337?
3
What is the thousands digit of 141581?
1
What is the hundreds digit of 592237?
2
What is the hundreds digit of 2180338?
3
What is the units digit of 551870?
0
What is the hundred thousands digit of 1736373?
7
What is the hundred thousands digit of 314948?
3
What is the tens digit of 482701?
0
What is the hundred thousands digit of 31175565?
1
What is the millions digit of 8166142?
8
What is the millions digit of 1415521?
1
What is the tens digit of 457028?
2
What is the thousands digit of 763917?
3
What is the thousands digit of 166059?
6
What is the hundreds digit of 459117?
1
What is the units digit of 249903?
3
What is the units digit of 103898?
8
What is the units digit of 7284079?
9
What is the hundred thousands digit of 135589?
1
What is the ten thousands digit of 2910538?
1
What is the hundreds digit of 6928866?
8
What is the thousands digit of 8433840?
3
What is the thousands digit of 1550526?
0
What is the hundreds digit of 405919?
9
What is the ten thousands digit of 896220?
9
What is the hundreds digit of 261920?
9
What is the thousands digit of 3454116?
4
What is the tens digit of 506837?
3
What is the units digit of 8940888?
8
What is the units digit of 96186?
6
What is the units digit of 5026265?
5
What is the units digit of 187549?
9
What is the units digit of 9562168?
8
What is the hundreds digit of 383610?
6
What is the hundred thousands digit of 413017?
4
What is the thousands digit of 2279880?
9
What is the tens digit of 1156647?
4
What is the thousands digit of 1372773?
2
What is the hundreds digit of 717940?
9
What is the hundred thousands digit of 313910?
3
What is the units digit of 3577173?
3
What is the hundreds digit of 3232162?
1
What is the ten thousands digit of 6669497?
6
What is the hundred thousands digit of 446523?
4
What is the units digit of 4537379?
9
What is the hundreds digit of 38422?
4
What is the ten thousands digit of 35321?
3
What is the tens digit of 1143109?
0
What is the thousands digit of 23939?
3
What is the thousands digit of 862511?
2
What is the units digit of 4470704?
4
What is the tens digit of 31390612?
1
What is the hundreds digit of 331509?
5
What is the ten thousands digit of 23346005?
4
What is the hundred thousands digit of 16062224?
0
What is the hundreds digit of 43827?
8
What is the ten thousands digit of 605470?
0
What is the hundreds digit of 586173?
1
What is the thousands digit of 695265?
5
What is the hundred thousands digit of 807634?
8
What is the hundred thousands digit of 855506?
8
What is the millions digit of 12669213?
2
What is the hundreds digit of 12766942?
9
What is the ten thousands digit of 86019?
8
What is the hundreds digit of 2826992?
9
What is the hundreds digit of 239403?
4
What is the thousands digit of 1035494